{"id":1200,"date":"2015-10-29T12:53:20","date_gmt":"2015-10-29T10:53:20","guid":{"rendered":"http:\/\/www.chriswillmann.de\/cwwp2014\/?page_id=1200"},"modified":"2018-05-08T09:58:41","modified_gmt":"2018-05-08T07:58:41","slug":"impressum","status":"publish","type":"page","link":"https:\/\/www.chriswillmann.de\/?page_id=1200","title":{"rendered":"Impressum"},"content":{"rendered":"<p><strong>Herausgeber:<\/strong><br \/>\nChristian Willmann<br \/>\nAuf der Haid 2a<br \/>\n82515 Wolfratshausen<\/p>\n<p><strong>Inhaltlich Verantwortliche gem\u00e4\u00df \u00a7 6 MDStV:<\/strong><br \/>\nChristian Willmann<\/p>\n<p><strong>Urheberrecht:<\/strong><br \/>\nAlle Rechte und inhaltliche Verantwortung an Textinhalten liegen bei Christian Willmann, Wolfratshausen. Die Verwendung von Texten oder Textausschnitten in jeglicher Form bed\u00fcrfen einer Erlaubnis des Verfassers.<\/p>\n<p><strong>Haftungshinweis:<\/strong><br \/>\nTrotz sorgf\u00e4ltiger inhaltlicher Kontrolle \u00fcbernehmen wir keine Haftung f\u00fcr die Inhalte externer Links. F\u00fcr den Inhalt der verlinkten Seiten sind ausschlie\u00dflich deren Betreiber verantwortlich. Der Anbieter \u00fcbernimmt auch keine Haftung f\u00fcr die Richtigkeit, Vollst\u00e4ndigkeit und Aktualit\u00e4t der bereitgestellten Informationen. Alle auf dieser Website genannten Personen widersprechen hiermit jeder kommerziellen Verwendung und Weitergabe ihrer Daten.<\/p>\n","protected":false},"excerpt":{"rendered":"<p>Herausgeber: Christian Willmann Auf der Haid 2a 82515 Wolfratshausen Inhaltlich Verantwortliche gem\u00e4\u00df \u00a7 6 MDStV: Christian Willmann Urheberrecht: Alle Rechte und inhaltliche Verantwortung an Textinhalten liegen bei Christian Willmann, Wolfratshausen. Die Verwendung von Texten oder Textausschnitten in jeglicher Form bed\u00fcrfen einer Erlaubnis des Verfassers. Haftungshinweis: Trotz sorgf\u00e4ltiger inhaltlicher Kontrolle \u00fcbernehmen [&hellip;]<\/p>\n","protected":false},"author":1,"featured_media":0,"parent":0,"menu_order":7,"comment_status":"closed","ping_status":"closed","template":"","meta":{"footnotes":""},"class_list":["post-1200","page","type-page","status-publish","hentry"],"_links":{"self":[{"href":"https:\/\/www.chriswillmann.de\/index.php?rest_route=\/wp\/v2\/pages\/1200","targetHints":{"allow":["GET"]}}],"collection":[{"href":"https:\/\/www.chriswillmann.de\/index.php?rest_route=\/wp\/v2\/pages"}],"about":[{"href":"https:\/\/www.chriswillmann.de\/index.php?rest_route=\/wp\/v2\/types\/page"}],"author":[{"embeddable":true,"href":"https:\/\/www.chriswillmann.de\/index.php?rest_route=\/wp\/v2\/users\/1"}],"replies":[{"embeddable":true,"href":"https:\/\/www.chriswillmann.de\/index.php?rest_route=%2Fwp%2Fv2%2Fcomments&post=1200"}],"version-history":[{"count":3,"href":"https:\/\/www.chriswillmann.de\/index.php?rest_route=\/wp\/v2\/pages\/1200\/revisions"}],"predecessor-version":[{"id":2335,"href":"https:\/\/www.chriswillmann.de\/index.php?rest_route=\/wp\/v2\/pages\/1200\/revisions\/2335"}],"wp:attachment":[{"href":"https:\/\/www.chriswillmann.de\/index.php?rest_route=%2Fwp%2Fv2%2Fmedia&parent=1200"}],"curies":[{"name":"wp","href":"https:\/\/api.w.org\/{rel}","templated":true}]}}